23
In base 13, what is -c14c63 + 4?
-c14c5c
In base 4, what is 112 + 3023030033020?
3023030033132
In base 11, what is 841971 + -7?
841965
In base 10, what is 69 - 534069?
-534000
In base 10, what is 411507 + 250?
411757
In base 16, what is 0 + 118b38?
118b38
In base 6, what is 4 - 15311514?
-15311510
In base 11, what is -4 + -4361727?
-4361730
In base 4, what is 3101 + 1111222110?
1111231211
In base 13, what is -4901 + 42ba?
-614
In base 15, what is 16a2baa - 5?
16a2ba5
In base 15, what is 2 + -838009?
-838007
In base 7, what is 2151 + -454250?
-452066
In base 5, what is 42330112204 - -4?
42330112213
In base 8, what is 55254235 - -2?
55254237
In base 9, what is 6235780 + -2?
6235777
In base 4, what is -203101013 + 1100?
-203033313
In base 8, what is 220134 + -13?
220121
In base 5, what is -1 + 21442344331?
21442344330
In base 9, what is 37127710 + 5?
37127715
In base 5, what is 1340420111 - 14?
1340420042
In base 4, what is 1233030133203 + -2?
1233030133201
In base 15, what is -1b021a + 3c?
-1b01cd
In base 12, what is 1 - 10890b70?
-10890b6b
In base 8, what is -3 + 25311263?
25311260
In base 5, what is -4402223 + 200?
-4402023
In base 16, what is 38a + 16660?
169ea
In base 5, what is 311 - -104341003?
104341314
In base 16, what is -5 + 13d0f96?
13d0f91
In base 4, what is 20 - 1232320102?
-1232320022
In base 14, what is -1529ad + -8?
-1529b7
In base 14, what is 16769 - 35aa?
1319d
In base 2, what is -1100 - 110111010101001010010001?
-110111010101001010011101
In base 2, what is -11011010110 - -10011101110010011?
10011010010111101
In base 6, what is 3 + -153320044?
-153320041
In base 14, what is 97b - -1721?
229c
In base 15, what is 337 + -221b5?
-21d7d
In base 11, what is 1525 - -1615a9?
163023
In base 10, what is -46792 + 2011?
-44781
In base 4, what is -1333213001 + -1?
-1333213002
In base 13, what is 672975 - 6?
67296c
In base 12, what is b73 - -227b?
3232
In base 16, what is -174b7d11 + 2?
-174b7d0f
In base 3, what is -10112222021111021 + -11?
-10112222021111102
In base 5, what is -2022302412 - 2?
-2022302414
In base 2, what is 11 + -110010010010000101110001001?
-110010010010000101110000110
In base 9, what is -30048 + 3816?
-25132
In base 12, what is 24ab9 - 4117?
209a2
In base 16, what is 11a + 15dff?
15f19
In base 7, what is 113 + 2443425?
2443541
In base 5, what is -10 + -41401431?
-41401441
In base 4, what is 333132 + -1020202?
-21010
In base 2, what is -101000011 + 11000000000101000010?
10111111111111111111
In base 6, what is -1 - -2553245523?
2553245522
In base 13, what is -2b5cb - -3a?
-2b591
In base 11, what is -5745a2 - -9?
-574594
In base 14, what is dd - -38b7?
39b6
In base 9, what is -32481383 - -5?
-32481377
In base 2, what is -111000110101 - 101110?
-111001100011
In base 15, what is -4 + bb624c?
bb6248
In base 16, what is 3 + 109dbab?
109dbae
In base 13, what is 0 + -77b3c87?
-77b3c87
In base 14, what is -1ba58 - -2adb?
-18d5b
In base 5, what is -2102343 + -133201?
-2241044
In base 11, what is -3 - 6737703?
-6737706
In base 4, what is -1212213200 - -11?
-1212213123
In base 2, what is 1100101101110111100100000 - -101?
1100101101110111100100101
In base 8, what is -201640 - 464?
-202324
In base 5, what is 2 + -13010424234?
-13010424232
In base 10, what is 7293 - 367?
6926
In base 5, what is 3 - -10344300231?
10344300234
In base 6, what is -235011420 + -10?
-235011430
In base 3, what is 11112020122222112 - 12?
11112020122222100
In base 9, what is -422335 + -306?
-422642
In base 11, what is -29 - 439648?
-439676
In base 16, what is -2 - -39754b5?
39754b3
In base 11, what is 5659524 + 34?
5659558
In base 15, what is 29c3 + 50b?
2ece
In base 16, what is 39 - -11ee93?
11eecc
In base 7, what is 2155 - -1353441?
1355626
In base 9, what is 24 + -520857?
-520833
In base 12, what is 2891a14 - 34?
28919a0
In base 3, what is -112 + 12022001221?
12022001102
In base 10, what is -1733770 + 5?
-1733765
In base 14, what is 741 + -8c?
693
In base 5, what is 3021130 + 343?
3022023
In base 12, what is -b0 + -293877?
-293967
In base 10, what is -18748760 + 1?
-18748759
In base 15, what is 454 + 1d31d?
1d772
In base 16, what is 83e297 - -3?
83e29a
In base 9, what is -772661885 - 5?
-772662001
In base 3, what is 1 + -121022001201211?
-121022001201210
In base 14, what is -2d840 + 11b?
-2d723
In base 2, what is -1000111110 + -1100110110110010?
-1100111111110000
In base 7, what is -1122140244 - 5?
-1122140252
In base 14, what is 6 - -247515?
24751b
In base 3, what is -11 - 10222101210211000?
-10222101210211011
In base 8, what is 14 - -41413004?
41413020
In base 15, what is 178 - 1eec1?
-1ed48
In base 8, what is -626206237 - -2?
-626206235
In base 14, what is c - 48465dd?
-48465d1
In base 3, what is -1 + 10012221122012021?
10012221122012020
In base 15, what is 62b5 + 440?
6705
In base 7, what is -3 + 53634233?
53634230
In base 4, what is -133133 - 230030131?
-230223330
In base 4, what is 3002221 + 3122?
3012003
In base 5, what is -2141320441 - 3?
-2141320444
In base 12, what is 8264 - 9665?
-1401
In base 16, what is -295 - 3ab?
-640
In base 6, what is 441035 - -2403?
443442
In base 16, what is 6 - bb4383?
-bb437d
In base 3, what is -11210011212201202 - -100?
-11210011212201102
In base 5, what is 2011 - 4213424?
-4211413
In base 13, what is 17c780 - -2b?
17c7ab
In base 15, what is 3ed2 - -5a5?
4587
In base 12, what is 182a5 - -7?
182b0
In base 6, what is 220203 - 10054?
210105
In base 5, what is -100224223 - -44?
-100224124
In base 15, what is -8bce - -1093?
-7b3b
In base 8, what is -4022105 - 23?
-4022130
In base 2, what is 11000 + 10111000101110000100?
10111000101110011100
In base 13, what is 3 + 859947a?
8599480
In base 2, what is 111111 + -100100000101000000?
-100100000100000001
In base 10, what is 12958 + 180?
13138
In base 2, what is 10001 - -10101000111010111100?
10101000111011001101
In base 4, what is 301 - 1330020312?
-1330020011
In base 12, what is -27997b5 - -1?
-27997b4
In base 9, what is 12227 - 3656?
7461
In base 11, what is -5 - -257015?
257010
In base 4, what is -100 - -32310102?
32310002
In base 13, what is -5 - 2429755?
-242975a
In base 13, what is -3ab355 + 0?
-3ab355
In base 2, what is 101000001 - 1111000001110101111?
-1111000001001101110
In base 12, what is 6b812134 - -5?
6b812139
In base 13, what is 778c46 - 2?
778c44
In base 14, what is 697760b + 3?
6977610
In base 16, what is -f + -3019dd?
-3019ec
In base 8, what is 11035 - 7204?
1631
In base 9, what is 6 - -23287747?
23287754
In base 4, what is -10 + -1323123003021?
-1323123003031
In base 12, what is 37818 - 6?
37812
In base 12, what is 6 - -449935?
44993b
In base 4, what is -332013311 - -32?
-332013213
In base 10, what is -280 + -33162?
-33442
In base 4, what is -23221 - -3010202?
2320321
In base 15, what is 0 + -6e50338?
-6e50338
In base 9, what is -1 - 38302574?
-38302575
In base 11, what is 33a + 22789?
23018
In base 16, what is efac + f57?
ff03
In base 11, what is 15286 - -1a99?
17274
In base 6, what is 232035 - -2313?
234352
In base 6, what is 21112334414 + 2?
21112334420
In base 13, what is c6020 - -b0?
c6100
In base 8, what is -14 - 401222?
-401236
In base 15, what is e7688 - 36?
e7652
In base 14, what is -3ac14c6 + -1?
-3ac14c7
In base 6, what is -1305 - 455235?
-500544
In base 4, what is 21221122120 - -123?
21221122303
In base 8, what is -62 - -4342330?
4342246
In base 4, what is 311 + 132232300?
132233211
In base 8, what is -2306012 + 517?
-2305273
In base 3, what is -201 + 12112200212?
12112200011
In base 16, what is -a4f8 - -d06?
-97f2
In base 5, what is 3 - -124120444213?
124120444221
In base 15, what is 323 - 1613d?
-15d1a
In base 9, what is -56531 - -644?
-55776
In base 13, what is -156a7 + 51?
-15656
In base 7, what is 141 + 235200?
235341
In base 15, what is 155ee91 + -2?
155ee8e
In base 11, what is -132 + 668448?
668316
In base 6, what is 2031050 + 54?
2031144
In base 13, what is 323787 + -9?
32377b
In base 2, what is -1100000101 - 10100100100?
-100000101001
In base 8, what is -60073645 - 20?
-60073665
In base 11, what is 5 - 2664a9?
-2664a4
In base 16, what is 5 + -322a60?
-322a5b
In base 13, what is -17 - 9c3667?
-9c3681
In base 12, what is 470a6b + 51?
470b00
In base 5, what is -210 + -424031143?
-424031403
In base 11, what is 1a26689 + -33?
1a26656
In base